)*(0 + -9). Let u = 5 + g. Let r(l) = 75*l - 72*l - 2 + 3 + l**2. Give r(u).
5
Let f(z) = z**3 + 5*z**2 + z + 7. Suppose v = 3*v + 120. Let r be (v/6)/((-6)/(-3)). What is f(r)?
2
Let d(t) = t**2 + 3*t - 2*t**2 - t**2 - 1. Let v = -11 - -13. Suppose -v*f = 3*f - 10. Give d(f).
-3
Let u(d) = d**2 + 6*d. Let m be u(-8). Let a(v) = m - 5*v**2 - 11 - 5. Calculate a(-1).
-5
Let t(y) = -y**3 + 3*y**2 + 3. Suppose 5*w = 4*g - 34, w - g = -2*g - 14. Let s = w - -13. Give t(s).
3
Let a(g) = 3 + 12*g + 0 - 4 - 10*g. Let x be a(2). Let m(w) = -w**3 + w**2 + 3*w + 4. Calculate m(x).
-5
Let d(j) = -j**3 + 7*j**2 + 2*j - 8. Let w(r) = -r**3 + 6*r**2 + 3*r - 7. Let k(y) = -3*d(y) + 4*w(y). What is k(4)?
4
Let d(c) be the third derivative of 1/20*c**5 + 1/8*c**4 + 0 - 1/720*c**6 + 0*c**3 + 2*c**2 + 0*c. Let t(x) be the second derivative of d(x). What is t(0)?
6
Let c = 14 + -6. Let y be (-4)/c - (-5)/(-2). Let f(k) = -k**2 + k. Let h(q) = -7*q**2 + q - 4. Let z(x) = -6*f(x) + h(x). Determine z(y).
2
Let r be (-4)/(-4) - (-2)/(-4). Let y(b) be the first derivative of -2*b + 1 - r*b**2. What is y(0)?
-2
Let d = -8 - -4. Let f = 3 + d. Let s(t) = -t - 2. Give s(f).
-1
Let f(p) = -21*p + 9. Let h be 4/(-22) - 258/33. Let n(s) = -s**2 - 8*s - 11. Let z be n(h). Let k(r) = -11*r + 5. Let u(a) = z*k(a) + 6*f(a). Calculate u(-1).
4
Suppose 2*p + 4*j = 8, -3*j - j = -8. Let o(f) = -f + 10. What is o(p)?
10
Let s(f) = f**2 + 7*f + 5. Suppose -4*q = -j - 0*q - 19, -5*j - 26 = 3*q. Let c be s(j). Let n(l) = -l + 2. Let y(r) = -r. Let o(w) = n(w) + 2*y(w). Give o(c).
-13
Let i(t) be the third derivative of t**5/120 + t**3/6 + t**2. Let s(a) be the first derivative of i(a). Let y = 7 + -4. Calculate s(y).
3
Let t(q) = q**3 - 5*q**2 + q + 5. Let w be t(4). Let v be 1*(-2 - w/1). Let f(u) = -2*u + 5. What is f(v)?
-5
Let z(c) = -2*c**2 + 14*c - 11. Let f be z(6). Let m(s) = 2*s**2 - 1. Calculate m(f).
1
Let x(i) = 19*i + 9. Let l(k) = 9*k + 5. Let w(t) = -7*l(t) + 4*x(t). What is w(-1)?
-12
Let v(n) = n**2 - n - 1. Let k(g) = 5*g**2 - 9. Let b(a) = -k(a) + 4*v(a). What is b(-5)?
0
Let r(x) be the second derivative of -x**4/12 + x**3/6 - x**2 - 4*x. Suppose 5 = 3*z - 7*z - m, 2*m + 10 = -5*z. Determine r(z).
-2
Let t(n) be the second derivative of n**3/6 + n**2 + 11*n. Give t(5).
7
Let c(j) = j**2 - 5*j - 10. Let a = -12 + 19. Give c(a).
4
Let r(x) be the second derivative of -4*x**3/3 - x**2/2 + 3*x. Calculate r(-1).
7
Let j be (3 - 4)*(-8 - -3). Let m be 2/j - 2/5. Let c(b) = b - 1. Calculate c(m).
-1
Suppose 22 = -0*d + 3*d + 4*a, -4*d + a = -4. Let s(h) be the first derivative of -1/2*h**d + 2*h - 1. What is s(2)?
0
Let s(n) = -5*n**3 - 10*n**2 - 8*n - 7. Let m(u) = -u**3 - u**2. Let p(v) = -4*m(v) + s(v). Give p(-5).
8
Let i(n) be the third derivative of -n**4/24 - 11*n**3/6 - n**2. Let w be i(-7). Let a(p) = -15*p - 19*p + 35*p + 6. Calculate a(w).
2
Let q(d) = d**3 - 2*d - 1. Let a be q(2). Suppose 0 = a*v + 9 - 0. Let z(n) = 2*n + 3. Determine z(v).
-3
Let h = 28 - 24. Let o(v) be the third derivative of v**6/120 - v**5/12 + 5*v**4/24 + v**3/6 + 2*v**2. Give o(h).
5
Let u(q) = 4 - 2 - 3 - q**3 + q**2. Suppose 2 = -4*w - 2. What is u(w)?
1
Let t(k) be the second derivative of k**4/6 + k**3/2 - 3*k**2/2 + 7*k. Give t(-3).
6
Suppose 2*r + 16 = -2*r, -2*l + r = 2. Let g(f) = f. Give g(l).
-3
Let q(d) = 2*d - 1. Let j be ((-1)/(-3))/(-1)*3. Give q(j).
-3
Let o(l) = -l**3 + 3*l**2 + 2*l + 5. Let q = 22 + -9. Let y = -9 + q. Calculate o(y).
-3
Let d(i) = -i**3 - 4*i**2 + 4*i + 3. Let c(r) = r**3 + 3*r**2 - 3*r - 2. Let a(s) = 2*c(s) + 3*d(s). Determine a(-7).
12
Let c be -1*(-15)/2*(-12)/(-18). Let s(u) = -u**2 + 3*u - 6. What is s(c)?
-16
Let q(h) be the second derivative of h**8/1680 - h**7/2520 - h**6/720 + h**4/6 - 2*h. Let j(y) be the third derivative of q(y). What is j(-1)?
-4
Suppose -y + 6*j + 5 = 3*j, 0 = 5*j + 5. Suppose 4*r = -8, 0*r + r = y*l. Let d be (-2)/(-2) - 3/l. Let a(x) = x - 5. Give a(d).
-1
Let x(f) = f - 1. Let v = -4 + 2. Let u be ((0 + 0)/1)/v. Suppose w + u*w - 1 = 0. Calculate x(w).
0
Let t(z) = 4*z - 1. Let l be ((-12)/10)/((-6)/20). Let j be (l - (0 + -2))/(-2). Determine t(j).
-13
Suppose 4*r = -3*y - 10 + 42, -5*y = -5*r - 65. Let n(c) = -c**2 + 11*c + 14. Determine n(y).
2
Suppose 0 = -n + 3*r + 3, 4*n - 46 = -4*r + 14. Suppose -n = d - 3*o, 5*d = 2*o - 4*o + 25. Suppose -d*c + 7*c = -4. Let g(u) = -8*u**2. What is g(c)?
-8
Let w(a) be the second derivative of 5/12*a**4 - 9*a - 2/3*a**3 + 1/2*a**2 + 0 - 1/20*a**5. Give w(4).
1
Let n(w) be the first derivative of w**2/2 - 6. What is n(5)?
5
Let g(j) = 5*j - 6. Let p(m) = -9*m + 11. Let h(x) = -7*g(x) - 4*p(x). Let k = 2 + -7. Determine h(k).
-7
Let l(c) be the third derivative of -c**5/60 + c**4/4 + c**3/2 - 2*c**2 - c. Let m be 1/((-9)/5 - -2). Determine l(m).
8
Let a be (-39)/52 - 6/(-8). Let o(i) be the third derivative of 0*i - 5/24*i**4 + i**3 + 1/60*i**5 + a + i**2. What is o(5)?
6
Let o(k) = -7*k - 5. Let b(m) = 1. Let p be 12/48 + 6/8. Let x(g) = p*o(g) + 4*b(g). What is x(-1)?
6
Let z(h) = 3*h**2 - 15*h - 20. Let s(m) = -m**2 + 5*m + 7. Let q(l) = -11*s(l) - 4*z(l). Let d(k) = -k**2 + 3*k. Let n be d(3). Suppose n*o + 4 = o. Give q(o).
7
Suppose -3*q = -3*i - 3, -5*i - q - 3 = -7*i. Let b(d) = d. Determine b(i).
4
Suppose 0 = 6*p - 4*p + 2. Let m be (-36)/(-20) - p/5. Let o(r) = r**2. What is o(m)?
4
Let x = -11 - -10. Suppose 4*d - 1 = 19. Let f(u) = -u**3 - u**2 - u. Let l(m) = -5*m**2 - 6*m. Let a(q) = d*f(q) + x*l(q). Calculate a(1).
-4
Let u(i) = -3*i + 26. Let y be u(7). Let l(f) be the first derivative of -1/4*f**4 + 5/3*f**3 + 7*f - 1 + 0*f**2. Calculate l(y).
7
Let v(l) = -3*l + 2. Let b(u) = u - 9. Let z = 15 - 10. Let w be b(z). What is v(w)?
14
Let v(w) = -6*w**2 - 9*w + 11. Let l = 8 - 9. Let s(u) = u**3 + u - 1. Let x(y) = l*v(y) - s(y). Give x(7).
-3
Let q(g) = -5*g + 4. Let k(a) = -a + 1. Let r(z) = 6*k(z) - q(z). Suppose u - o = 3, 6*o = 5*o - 1. Determine r(u).
0
Let c(y) = y**3 - 4*y**2 + 3*y - 4. Suppose 2*g - 4 = 4. What is c(g)?
8
Let f(y) = -y + 1. Suppose 33 = 3*u + 3*d, -5 = -u - 3*d + 14. Give f(u).
-6
Let i(z) = z**3 - z**2. Let w(x) = -7*x**3 + 10*x**2 - 3*x + 4. Let k(c) = -6*i(c) - w(c). Give k(3).
-4
Let w(i) = i**3 - 5*i**2 + 3*i. Let d = -37 + 41. What is w(d)?
-4
Let y(s) = -1 + 5*s + 4*s**2 + 6 - 11. Let i(g) = -3*g**2 - 5*g + 6. Let r(u) = u**2 + u - 4. Let q be r(0). Let l(p) = q*y(p) - 5*i(p). Give l(4).
-2
Let l be 27/12 + (-2)/8. Let q(i) be the second derivative of i**3/6 - i**2/2 + 2*i. Give q(l).
1
Let p(j) = -4*j**2 + j - 7. Let h(k) = k**2 - k + 1. Let c(d) = 5*h(d) + p(d). Suppose 10 = y + 4. What is c(y)?
10
Suppose -3 = -3*z + 3. Let s(d) = 5*d**3 + 3*d**2 + 3*d + 6. Let h(m) = m**3 + m**2 + m + 1. Let c(l) = 4*h(l) - s(l). Calculate c(z).
-4
Let o(t) = 1 + t**2 - 1 + 5 + 2*t - 10. Calculate o(-4).
3
Suppose -3*p - 22 = -2*t, -4*t - 3*p = -t - 3. Suppose -5 = 2*l + n, -2*l + l = 2*n - t. Let x(j) = j**2 + 5*j + 5. Calculate x(l).
5
Suppose 13 - 19 = -3*h. Let x(y) = 6*y - 2. Calculate x(h).
10
Suppose -u + 12 = -5*u. Suppose 0 = 2*a - a + 4. Let i(w) = 3*w + 4. Let t(l) = -4*l - 4. Let s(n) = a*t(n) - 5*i(n). Give s(u).
-7
Let m = 6 - 11. Let c(d) = d. Let j be -4*(1 + (-2)/(-8)). Let h(p) = 4*p - 5. Let s(w) = j*c(w) + h(w). Determine s(m).
0
Let v(l) = 5 + 8*l**3 - 4*l**2 - 3*l**3 + l - 6*l**3. Give v(-4).
1
Let b(a) = -1 + 4 + 2*a - 4. Let v = 629 - 628. Calculate b(v).
1
Let g(o) = -o - 7. Let p be g(-8). Let h(f) = -3*f + 2*f - 1 + p. What is h(-1)?
1
Let h(k) = 3*k**3 - k**2 - k - 1. Suppose -q = 5 - 4. What is h(q)?
-4
Let a be (-2)/(-8) + 37/(-4). Let q(f) = 11*f**3 + 8*f**2 - 7*f + 5. Let m(t) = -5*t**3 - 4*t**2 + 3*t - 2. Let r(h) = a*m(h) - 4*q(h). Give r(-3).
4
Let o(y) = 5*y + 4. Let c be (32/20)/((-2)/5). Calculate o(c).
-16
Let y(i) be the first derivative of i**3/3 - i**2/2 - 9*i - 20. Give y(0).
-9
Let s = 2 + 0. Let v(u) = -u + 1. Let y(l) = l - 2. Let z(k) = s*v(k) + 3*y(k). Let q(g) = 12*g + 65. Let o be q(-5). Give z(o).
1
Let u = -8 - -11. Let s(w) = -3 + 2*w + u + 5 - w. Calculate s(0).
5
Let k(s) = -6 - 1 - 9*s + 2 + 8*s. Calculate k(-6).
1
Let o(k) = k**2 + 3*k - 8. Let j(v) be the second derivative of v**4/1